{"id":155,"date":"2011-03-03T12:15:22","date_gmt":"2011-03-03T12:15:22","guid":{"rendered":"http:\/\/prenezracines.tb6380.com\/?page_id=155"},"modified":"2011-07-08T10:14:22","modified_gmt":"2011-07-08T10:14:22","slug":"parcelle","status":"publish","type":"page","link":"http:\/\/prenezracines.tb6380.com\/?page_id=155","title":{"rendered":"Parcelle f\u00e9vrier 2011"},"content":{"rendered":"<p>C&rsquo;est sur l&rsquo;ancien b\u00e2timent G que se situe la Parcelle de la P\u00e9pini\u00e8re urbaine. Un panorama de la destruction du b\u00e2timent !<\/p>\n<p><a href=\"http:\/\/prenezracines.tb6380.com\/wp-content\/uploads\/2011\/03\/pdt_destruct_batG_1.jpg\"><img loading=\"lazy\" decoding=\"async\" class=\"aligncenter size-full wp-image-156\" title=\"pdt_destruct_batG_1\" src=\"http:\/\/prenezracines.tb6380.com\/wp-content\/uploads\/2011\/03\/pdt_destruct_batG_1.jpg\" alt=\"\" width=\"800\" height=\"536\" srcset=\"http:\/\/prenezracines.tb6380.com\/wp-content\/uploads\/2011\/03\/pdt_destruct_batG_1.jpg 800w, http:\/\/prenezracines.tb6380.com\/wp-content\/uploads\/2011\/03\/pdt_destruct_batG_1-300x201.jpg 300w\" sizes=\"auto, (max-width: 800px) 100vw, 800px\" \/><\/a><a href=\"http:\/\/prenezracines.tb6380.com\/wp-content\/uploads\/2011\/03\/pdt_batG_pignon.jpg\"><img loading=\"lazy\" decoding=\"async\" class=\"aligncenter size-full wp-image-158\" title=\"pdt_batG_pignon\" src=\"http:\/\/prenezracines.tb6380.com\/wp-content\/uploads\/2011\/03\/pdt_batG_pignon.jpg\" alt=\"\" width=\"800\" height=\"536\" srcset=\"http:\/\/prenezracines.tb6380.com\/wp-content\/uploads\/2011\/03\/pdt_batG_pignon.jpg 800w, http:\/\/prenezracines.tb6380.com\/wp-content\/uploads\/2011\/03\/pdt_batG_pignon-300x201.jpg 300w\" sizes=\"auto, (max-width: 800px) 100vw, 800px\" \/><\/a><\/p>\n<p><a href=\"http:\/\/prenezracines.tb6380.com\/wp-content\/uploads\/2011\/03\/travaux_batG_2.jpg\"><img loading=\"lazy\" decoding=\"async\" class=\"aligncenter size-full wp-image-159\" title=\"travaux_batG_2\" src=\"http:\/\/prenezracines.tb6380.com\/wp-content\/uploads\/2011\/03\/travaux_batG_2.jpg\" alt=\"\" width=\"335\" height=\"500\" srcset=\"http:\/\/prenezracines.tb6380.com\/wp-content\/uploads\/2011\/03\/travaux_batG_2.jpg 335w, http:\/\/prenezracines.tb6380.com\/wp-content\/uploads\/2011\/03\/travaux_batG_2-201x300.jpg 201w\" sizes=\"auto, (max-width: 335px) 100vw, 335px\" \/><\/a><\/p>\n<p><a href=\"http:\/\/prenezracines.tb6380.com\/wp-content\/uploads\/2011\/03\/pdt_tas_batG_1.jpg\"><img loading=\"lazy\" decoding=\"async\" class=\"aligncenter size-full wp-image-157\" title=\"pdt_tas_batG_1\" src=\"http:\/\/prenezracines.tb6380.com\/wp-content\/uploads\/2011\/03\/pdt_tas_batG_1.jpg\" alt=\"\" width=\"800\" height=\"447\" srcset=\"http:\/\/prenezracines.tb6380.com\/wp-content\/uploads\/2011\/03\/pdt_tas_batG_1.jpg 800w, http:\/\/prenezracines.tb6380.com\/wp-content\/uploads\/2011\/03\/pdt_tas_batG_1-300x167.jpg 300w\" sizes=\"auto, (max-width: 800px) 100vw, 800px\" \/><\/a><a href=\"http:\/\/prenezracines.tb6380.com\/wp-content\/uploads\/2011\/03\/tas_batG.jpg\"><img loading=\"lazy\" decoding=\"async\" class=\"aligncenter size-full wp-image-161\" title=\"tas_batG\" src=\"http:\/\/prenezracines.tb6380.com\/wp-content\/uploads\/2011\/03\/tas_batG.jpg\" alt=\"\" width=\"800\" height=\"536\" srcset=\"http:\/\/prenezracines.tb6380.com\/wp-content\/uploads\/2011\/03\/tas_batG.jpg 800w, http:\/\/prenezracines.tb6380.com\/wp-content\/uploads\/2011\/03\/tas_batG-300x201.jpg 300w\" sizes=\"auto, (max-width: 800px) 100vw, 800px\" \/><\/a><a href=\"http:\/\/prenezracines.tb6380.com\/wp-content\/uploads\/2011\/03\/travaux_batG_1.jpg\"><img loading=\"lazy\" decoding=\"async\" class=\"aligncenter size-full wp-image-162\" title=\"travaux_batG_1\" src=\"http:\/\/prenezracines.tb6380.com\/wp-content\/uploads\/2011\/03\/travaux_batG_1.jpg\" alt=\"\" width=\"800\" height=\"314\" srcset=\"http:\/\/prenezracines.tb6380.com\/wp-content\/uploads\/2011\/03\/travaux_batG_1.jpg 800w, http:\/\/prenezracines.tb6380.com\/wp-content\/uploads\/2011\/03\/travaux_batG_1-300x117.jpg 300w\" sizes=\"auto, (max-width: 800px) 100vw, 800px\" \/><\/a><a href=\"http:\/\/prenezracines.tb6380.com\/wp-content\/uploads\/2011\/03\/pdt_bat_G_pano_2.jpg\"><img loading=\"lazy\" decoding=\"async\" class=\"aligncenter size-full wp-image-163\" title=\"pdt_bat_G_pano_2\" src=\"http:\/\/prenezracines.tb6380.com\/wp-content\/uploads\/2011\/03\/pdt_bat_G_pano_2.jpg\" alt=\"\" width=\"800\" height=\"266\" srcset=\"http:\/\/prenezracines.tb6380.com\/wp-content\/uploads\/2011\/03\/pdt_bat_G_pano_2.jpg 800w, http:\/\/prenezracines.tb6380.com\/wp-content\/uploads\/2011\/03\/pdt_bat_G_pano_2-300x99.jpg 300w\" sizes=\"auto, (max-width: 800px) 100vw, 800px\" \/><\/a><a href=\"http:\/\/prenezracines.tb6380.com\/wp-content\/uploads\/2011\/03\/pdt_bat_g_sud_1.jpg\"><img loading=\"lazy\" decoding=\"async\" class=\"aligncenter size-full wp-image-164\" title=\"pdt_bat_g_sud_1\" src=\"http:\/\/prenezracines.tb6380.com\/wp-content\/uploads\/2011\/03\/pdt_bat_g_sud_1.jpg\" alt=\"\" width=\"800\" height=\"255\" srcset=\"http:\/\/prenezracines.tb6380.com\/wp-content\/uploads\/2011\/03\/pdt_bat_g_sud_1.jpg 800w, http:\/\/prenezracines.tb6380.com\/wp-content\/uploads\/2011\/03\/pdt_bat_g_sud_1-300x95.jpg 300w\" sizes=\"auto, (max-width: 800px) 100vw, 800px\" \/><\/a><a href=\"http:\/\/prenezracines.tb6380.com\/wp-content\/uploads\/2011\/03\/pepiniere_1.jpg\"><img loading=\"lazy\" decoding=\"async\" class=\"aligncenter size-full wp-image-165\" title=\"pepiniere_1\" src=\"http:\/\/prenezracines.tb6380.com\/wp-content\/uploads\/2011\/03\/pepiniere_1.jpg\" alt=\"\" width=\"800\" height=\"536\" srcset=\"http:\/\/prenezracines.tb6380.com\/wp-content\/uploads\/2011\/03\/pepiniere_1.jpg 800w, http:\/\/prenezracines.tb6380.com\/wp-content\/uploads\/2011\/03\/pepiniere_1-300x201.jpg 300w\" sizes=\"auto, (max-width: 800px) 100vw, 800px\" \/><\/a><\/p>\n","protected":false},"excerpt":{"rendered":"<p>C&rsquo;est sur l&rsquo;ancien b\u00e2timent G que se situe la Parcelle de la P\u00e9pini\u00e8re urbaine. Un panorama de la destruction du b\u00e2timent !<\/p>\n","protected":false},"author":1,"featured_media":0,"parent":22,"menu_order":0,"comment_status":"open","ping_status":"closed","template":"","meta":{"footnotes":""},"class_list":["post-155","page","type-page","status-publish","hentry"],"_links":{"self":[{"href":"http:\/\/prenezracines.tb6380.com\/index.php?rest_route=\/wp\/v2\/pages\/155","targetHints":{"allow":["GET"]}}],"collection":[{"href":"http:\/\/prenezracines.tb6380.com\/index.php?rest_route=\/wp\/v2\/pages"}],"about":[{"href":"http:\/\/prenezracines.tb6380.com\/index.php?rest_route=\/wp\/v2\/types\/page"}],"author":[{"embeddable":true,"href":"http:\/\/prenezracines.tb6380.com\/index.php?rest_route=\/wp\/v2\/users\/1"}],"replies":[{"embeddable":true,"href":"http:\/\/prenezracines.tb6380.com\/index.php?rest_route=%2Fwp%2Fv2%2Fcomments&post=155"}],"version-history":[{"count":5,"href":"http:\/\/prenezracines.tb6380.com\/index.php?rest_route=\/wp\/v2\/pages\/155\/revisions"}],"predecessor-version":[{"id":183,"href":"http:\/\/prenezracines.tb6380.com\/index.php?rest_route=\/wp\/v2\/pages\/155\/revisions\/183"}],"up":[{"embeddable":true,"href":"http:\/\/prenezracines.tb6380.com\/index.php?rest_route=\/wp\/v2\/pages\/22"}],"wp:attachment":[{"href":"http:\/\/prenezracines.tb6380.com\/index.php?rest_route=%2Fwp%2Fv2%2Fmedia&parent=155"}],"curies":[{"name":"wp","href":"https:\/\/api.w.org\/{rel}","templated":true}]}}