{"id":174,"date":"2011-03-08T12:46:39","date_gmt":"2011-03-08T12:46:39","guid":{"rendered":"http:\/\/prenezracines.tb6380.com\/?page_id=174"},"modified":"2011-05-09T16:06:19","modified_gmt":"2011-05-09T16:06:19","slug":"chantier-jeune","status":"publish","type":"page","link":"http:\/\/prenezracines.tb6380.com\/?page_id=174","title":{"rendered":"Du 7 au 11 mars 2011"},"content":{"rendered":"<p>Le premier chantier jeune a d\u00e9marr\u00e9 le lundi 7 mars 2011 ! Pour les huit jeunes, leur mission est de r\u00e9am\u00e9nager le chantier ouvert afin d&rsquo;accueillir la future p\u00e9pini\u00e8re urbaine des habitants de Mermoz. Leur t\u00e2che n&rsquo;est pas facile : scier les bastringues, bouger les cl\u00f4tures, nettoyer l&rsquo;espace&#8230; ; une semaine de durs labeurs les attend !\u00a0 <small><span style=\"font-family: Arial;\"><span style=\"color: #000000;\"><br \/>\n<\/span><\/span><\/small><\/p>\n<div id=\"attachment_177\" style=\"width: 650px\" class=\"wp-caption aligncenter\"><a href=\"http:\/\/prenezracines.tb6380.com\/wp-content\/uploads\/2011\/03\/masson_du_coeur1.jpg\"><img loading=\"lazy\" decoding=\"async\" aria-describedby=\"caption-attachment-177\" class=\"size-full wp-image-177 \" title=\"masson_du_coeur\" src=\"http:\/\/prenezracines.tb6380.com\/wp-content\/uploads\/2011\/03\/masson_du_coeur1.jpg\" alt=\"\" width=\"640\" height=\"429\" srcset=\"http:\/\/prenezracines.tb6380.com\/wp-content\/uploads\/2011\/03\/masson_du_coeur1.jpg 800w, http:\/\/prenezracines.tb6380.com\/wp-content\/uploads\/2011\/03\/masson_du_coeur1-300x201.jpg 300w\" sizes=\"auto, (max-width: 640px) 100vw, 640px\" \/><\/a><p id=\"caption-attachment-177\" class=\"wp-caption-text\">Les &quot;Masson&quot; du coeur<\/p><\/div>\n<div id=\"attachment_178\" style=\"width: 345px\" class=\"wp-caption aligncenter\"><a href=\"http:\/\/prenezracines.tb6380.com\/wp-content\/uploads\/2011\/03\/ligne_verte.jpg\"><img loading=\"lazy\" decoding=\"async\" aria-describedby=\"caption-attachment-178\" class=\"size-full wp-image-178\" title=\"ligne_verte\" src=\"http:\/\/prenezracines.tb6380.com\/wp-content\/uploads\/2011\/03\/ligne_verte.jpg\" alt=\"\" width=\"335\" height=\"500\" srcset=\"http:\/\/prenezracines.tb6380.com\/wp-content\/uploads\/2011\/03\/ligne_verte.jpg 335w, http:\/\/prenezracines.tb6380.com\/wp-content\/uploads\/2011\/03\/ligne_verte-201x300.jpg 201w\" sizes=\"auto, (max-width: 335px) 100vw, 335px\" \/><\/a><p id=\"caption-attachment-178\" class=\"wp-caption-text\">les bastringues \u00e0 bouger<\/p><\/div>\n<div id=\"attachment_176\" style=\"width: 650px\" class=\"wp-caption aligncenter\"><a href=\"http:\/\/prenezracines.tb6380.com\/wp-content\/uploads\/2011\/03\/demonter.jpg\"><img loading=\"lazy\" decoding=\"async\" aria-describedby=\"caption-attachment-176\" class=\"size-full wp-image-176 \" title=\"demonter\" src=\"http:\/\/prenezracines.tb6380.com\/wp-content\/uploads\/2011\/03\/demonter.jpg\" alt=\"\" width=\"640\" height=\"429\" srcset=\"http:\/\/prenezracines.tb6380.com\/wp-content\/uploads\/2011\/03\/demonter.jpg 800w, http:\/\/prenezracines.tb6380.com\/wp-content\/uploads\/2011\/03\/demonter-300x201.jpg 300w\" sizes=\"auto, (max-width: 640px) 100vw, 640px\" \/><\/a><p id=\"caption-attachment-176\" class=\"wp-caption-text\">Les voil\u00e0 d\u00e9mont\u00e9es !<\/p><\/div>\n<p style=\"text-align: center;\"><a href=\"http:\/\/prenezracines.tb6380.com\/wp-content\/uploads\/2011\/03\/masson_du_coeur.jpg\"><br \/>\n<\/a><\/p>\n","protected":false},"excerpt":{"rendered":"<p>Le premier chantier jeune a d\u00e9marr\u00e9 le lundi 7 mars 2011 ! Pour les huit jeunes, leur mission est de r\u00e9am\u00e9nager le chantier ouvert afin d&rsquo;accueillir la future p\u00e9pini\u00e8re urbaine des habitants de Mermoz. Leur t\u00e2che n&rsquo;est pas facile : &hellip; <a href=\"http:\/\/prenezracines.tb6380.com\/?page_id=174\">Continuer la lecture <span class=\"meta-nav\">&rarr;<\/span><\/a><\/p>\n","protected":false},"author":1,"featured_media":0,"parent":0,"menu_order":0,"comment_status":"open","ping_status":"open","template":"","meta":{"footnotes":""},"class_list":["post-174","page","type-page","status-publish","hentry"],"_links":{"self":[{"href":"http:\/\/prenezracines.tb6380.com\/index.php?rest_route=\/wp\/v2\/pages\/174","targetHints":{"allow":["GET"]}}],"collection":[{"href":"http:\/\/prenezracines.tb6380.com\/index.php?rest_route=\/wp\/v2\/pages"}],"about":[{"href":"http:\/\/prenezracines.tb6380.com\/index.php?rest_route=\/wp\/v2\/types\/page"}],"author":[{"embeddable":true,"href":"http:\/\/prenezracines.tb6380.com\/index.php?rest_route=\/wp\/v2\/users\/1"}],"replies":[{"embeddable":true,"href":"http:\/\/prenezracines.tb6380.com\/index.php?rest_route=%2Fwp%2Fv2%2Fcomments&post=174"}],"version-history":[{"count":4,"href":"http:\/\/prenezracines.tb6380.com\/index.php?rest_route=\/wp\/v2\/pages\/174\/revisions"}],"predecessor-version":[{"id":318,"href":"http:\/\/prenezracines.tb6380.com\/index.php?rest_route=\/wp\/v2\/pages\/174\/revisions\/318"}],"wp:attachment":[{"href":"http:\/\/prenezracines.tb6380.com\/index.php?rest_route=%2Fwp%2Fv2%2Fmedia&parent=174"}],"curies":[{"name":"wp","href":"https:\/\/api.w.org\/{rel}","templated":true}]}}

<p>Le premier chantier jeune a démarré le lundi 7 mars 2011 ! Pour les huit jeunes, leur mission est de réaménager le chantier ouvert afin d&rsquo;accueillir la future pépinière urbaine des habitants de Mermoz. Leur tâche n&rsquo;est pas facile : scier les bastringues, bouger les clôtures, nettoyer l&rsquo;espace&#8230; ; une semaine de durs labeurs les attend !  <small><span style="font-family: Arial;"><span style="color: #000000;"><br />
</span></span></small></p>
<div id="attachment_177" style="width: 650px" class="wp-caption aligncenter"><a href="http://prenezracines.tb6380.com/wp-content/uploads/2011/03/masson_du_coeur1.jpg"><img loading="lazy" decoding="async" aria-describedby="caption-attachment-177" class="size-full wp-image-177 " title="masson_du_coeur" src="http://prenezracines.tb6380.com/wp-content/uploads/2011/03/masson_du_coeur1.jpg" alt="" width="640" height="429" srcset="http://prenezracines.tb6380.com/wp-content/uploads/2011/03/masson_du_coeur1.jpg 800w, http://prenezracines.tb6380.com/wp-content/uploads/2011/03/masson_du_coeur1-300x201.jpg 300w" sizes="auto, (max-width: 640px) 100vw, 640px" /></a><p id="caption-attachment-177" class="wp-caption-text">Les &quot;Masson&quot; du coeur</p></div>
<div id="attachment_178" style="width: 345px" class="wp-caption aligncenter"><a href="http://prenezracines.tb6380.com/wp-content/uploads/2011/03/ligne_verte.jpg"><img loading="lazy" decoding="async" aria-describedby="caption-attachment-178" class="size-full wp-image-178" title="ligne_verte" src="http://prenezracines.tb6380.com/wp-content/uploads/2011/03/ligne_verte.jpg" alt="" width="335" height="500" srcset="http://prenezracines.tb6380.com/wp-content/uploads/2011/03/ligne_verte.jpg 335w, http://prenezracines.tb6380.com/wp-content/uploads/2011/03/ligne_verte-201x300.jpg 201w" sizes="auto, (max-width: 335px) 100vw, 335px" /></a><p id="caption-attachment-178" class="wp-caption-text">les bastringues à bouger</p></div>
<div id="attachment_176" style="width: 650px" class="wp-caption aligncenter"><a href="http://prenezracines.tb6380.com/wp-content/uploads/2011/03/demonter.jpg"><img loading="lazy" decoding="async" aria-describedby="caption-attachment-176" class="size-full wp-image-176 " title="demonter" src="http://prenezracines.tb6380.com/wp-content/uploads/2011/03/demonter.jpg" alt="" width="640" height="429" srcset="http://prenezracines.tb6380.com/wp-content/uploads/2011/03/demonter.jpg 800w, http://prenezracines.tb6380.com/wp-content/uploads/2011/03/demonter-300x201.jpg 300w" sizes="auto, (max-width: 640px) 100vw, 640px" /></a><p id="caption-attachment-176" class="wp-caption-text">Les voilà démontées !</p></div>
<p style="text-align: center;"><a href="http://prenezracines.tb6380.com/wp-content/uploads/2011/03/masson_du_coeur.jpg"><br />
</a></p>

<p>Le premier chantier jeune a démarré le lundi 7 mars 2011 ! Pour les huit jeunes, leur mission est de réaménager le chantier ouvert afin d&rsquo;accueillir la future pépinière urbaine des habitants de Mermoz. Leur tâche n&rsquo;est pas facile : &hellip; <a href="http://prenezracines.tb6380.com/?page_id=174">Continuer la lecture <span class="meta-nav">&rarr;</span></a></p>
