{"id":201,"date":"2011-03-31T14:43:45","date_gmt":"2011-03-31T14:43:45","guid":{"rendered":"http:\/\/prenezracines.tb6380.com\/?page_id=201"},"modified":"2011-03-31T15:07:47","modified_gmt":"2011-03-31T15:07:47","slug":"fete-des-terreaux-a-mermoz","status":"publish","type":"page","link":"http:\/\/prenezracines.tb6380.com\/?page_id=201","title":{"rendered":"F\u00eate des Terreaux \u00e0 Mermoz !"},"content":{"rendered":"<p style=\"text-align: justify;\">C&rsquo;\u00e9tait le samedi 26 mars. Parrains, marraines et les habitants du quartier se sont retrouv\u00e9s sur la parcelle de la P\u00e9pini\u00e8re urbaine pour inaugurer le composteur collectif.<br \/>\nSous le soleil, premier repas convivial et premi\u00e8res semis sur la p\u00e9pini\u00e8re en attendant les arbres. Les framboisiers sont plant\u00e9s dans la premi\u00e8re baignoire sabot. En attendant les autres, voil\u00e0 quelques photos&#8230;<\/p>\n<p style=\"text-align: left;\">\n<p style=\"text-align: center;\"><a href=\"http:\/\/prenezracines.tb6380.com\/wp-content\/uploads\/2011\/03\/2.jpg\"><img loading=\"lazy\" decoding=\"async\" class=\"size-full wp-image-203   aligncenter\" title=\"2\" src=\"http:\/\/prenezracines.tb6380.com\/wp-content\/uploads\/2011\/03\/2.jpg\" alt=\"L'arriv\u00e9e des dames\" width=\"377\" height=\"253\" srcset=\"http:\/\/prenezracines.tb6380.com\/wp-content\/uploads\/2011\/03\/2.jpg 629w, http:\/\/prenezracines.tb6380.com\/wp-content\/uploads\/2011\/03\/2-300x200.jpg 300w\" sizes=\"auto, (max-width: 377px) 100vw, 377px\" \/><\/a>L&rsquo;arriv\u00e9e des dames<\/p>\n<p style=\"text-align: left;\">\n<p style=\"text-align: left;\">\n<p style=\"text-align: center;\"><a href=\"http:\/\/prenezracines.tb6380.com\/wp-content\/uploads\/2011\/03\/1.jpg\"><img loading=\"lazy\" decoding=\"async\" class=\"size-full wp-image-202   aligncenter\" title=\"1\" src=\"http:\/\/prenezracines.tb6380.com\/wp-content\/uploads\/2011\/03\/1.jpg\" alt=\"\" width=\"384\" height=\"257\" srcset=\"http:\/\/prenezracines.tb6380.com\/wp-content\/uploads\/2011\/03\/1.jpg 640w, http:\/\/prenezracines.tb6380.com\/wp-content\/uploads\/2011\/03\/1-300x201.jpg 300w\" sizes=\"auto, (max-width: 384px) 100vw, 384px\" \/><\/a>Les planches du composteur<\/p>\n<p style=\"text-align: center;\"><a href=\"http:\/\/prenezracines.tb6380.com\/wp-content\/uploads\/2011\/03\/3.jpg\"><img loading=\"lazy\" decoding=\"async\" class=\"size-full wp-image-204  aligncenter\" title=\"3\" src=\"http:\/\/prenezracines.tb6380.com\/wp-content\/uploads\/2011\/03\/3.jpg\" alt=\"Et \u00e7a papote !\" width=\"377\" height=\"253\" srcset=\"http:\/\/prenezracines.tb6380.com\/wp-content\/uploads\/2011\/03\/3.jpg 629w, http:\/\/prenezracines.tb6380.com\/wp-content\/uploads\/2011\/03\/3-300x200.jpg 300w\" sizes=\"auto, (max-width: 377px) 100vw, 377px\" \/><\/a><\/p>\n<p style=\"text-align: center;\">Et \u00e7a papote !<\/p>\n<p style=\"text-align: center;\"><a href=\"http:\/\/prenezracines.tb6380.com\/wp-content\/uploads\/2011\/03\/4.jpg\"><img loading=\"lazy\" decoding=\"async\" class=\"size-full wp-image-207   aligncenter\" title=\"4\" src=\"http:\/\/prenezracines.tb6380.com\/wp-content\/uploads\/2011\/03\/4.jpg\" alt=\"\" width=\"377\" height=\"253\" srcset=\"http:\/\/prenezracines.tb6380.com\/wp-content\/uploads\/2011\/03\/4.jpg 629w, http:\/\/prenezracines.tb6380.com\/wp-content\/uploads\/2011\/03\/4-300x200.jpg 300w\" sizes=\"auto, (max-width: 377px) 100vw, 377px\" \/><\/a><\/p>\n<p style=\"text-align: center;\">Les semis<\/p>\n<p style=\"text-align: left;\">\n<p style=\"text-align: left;\">\n<p style=\"text-align: center;\"><a href=\"http:\/\/prenezracines.tb6380.com\/wp-content\/uploads\/2011\/03\/5.jpg\"><img loading=\"lazy\" decoding=\"async\" class=\"size-full wp-image-208   aligncenter\" title=\"5\" src=\"http:\/\/prenezracines.tb6380.com\/wp-content\/uploads\/2011\/03\/5.jpg\" alt=\"\" width=\"293\" height=\"253\" srcset=\"http:\/\/prenezracines.tb6380.com\/wp-content\/uploads\/2011\/03\/5.jpg 489w, http:\/\/prenezracines.tb6380.com\/wp-content\/uploads\/2011\/03\/5-300x258.jpg 300w\" sizes=\"auto, (max-width: 293px) 100vw, 293px\" \/><\/a><\/p>\n<p style=\"text-align: center;\">Des parrains marraines interg\u00e9n\u00e9rationnels<\/p>\n<p style=\"text-align: left;\">\n<p style=\"text-align: center;\"><a href=\"http:\/\/prenezracines.tb6380.com\/wp-content\/uploads\/2011\/03\/6.jpg\"><img loading=\"lazy\" decoding=\"async\" class=\"size-full wp-image-209   aligncenter\" title=\"6\" src=\"http:\/\/prenezracines.tb6380.com\/wp-content\/uploads\/2011\/03\/6.jpg\" alt=\"\" width=\"220\" height=\"329\" srcset=\"http:\/\/prenezracines.tb6380.com\/wp-content\/uploads\/2011\/03\/6.jpg 282w, http:\/\/prenezracines.tb6380.com\/wp-content\/uploads\/2011\/03\/6-200x300.jpg 200w\" sizes=\"auto, (max-width: 220px) 100vw, 220px\" \/><\/a>Scions le bois pour le composteur<\/p>\n<p style=\"text-align: left;\">\n<p style=\"text-align: left;\">\n<p style=\"text-align: center;\"><a href=\"http:\/\/prenezracines.tb6380.com\/wp-content\/uploads\/2011\/03\/7.jpg\"><img loading=\"lazy\" decoding=\"async\" class=\"size-full wp-image-210    aligncenter\" title=\"7\" src=\"http:\/\/prenezracines.tb6380.com\/wp-content\/uploads\/2011\/03\/7.jpg\" alt=\"\" width=\"377\" height=\"253\" srcset=\"http:\/\/prenezracines.tb6380.com\/wp-content\/uploads\/2011\/03\/7.jpg 629w, http:\/\/prenezracines.tb6380.com\/wp-content\/uploads\/2011\/03\/7-300x200.jpg 300w\" sizes=\"auto, (max-width: 377px) 100vw, 377px\" \/><\/a>Le repas approche&#8230;<\/p>\n<p style=\"text-align: left;\">\n<p style=\"text-align: left;\">\n<p style=\"text-align: center;\"><a href=\"http:\/\/prenezracines.tb6380.com\/wp-content\/uploads\/2011\/03\/8.jpg\"><img loading=\"lazy\" decoding=\"async\" class=\"size-full wp-image-211   aligncenter\" title=\"8\" src=\"http:\/\/prenezracines.tb6380.com\/wp-content\/uploads\/2011\/03\/8.jpg\" alt=\"\" width=\"377\" height=\"253\" srcset=\"http:\/\/prenezracines.tb6380.com\/wp-content\/uploads\/2011\/03\/8.jpg 629w, http:\/\/prenezracines.tb6380.com\/wp-content\/uploads\/2011\/03\/8-300x200.jpg 300w\" sizes=\"auto, (max-width: 377px) 100vw, 377px\" \/><\/a><\/p>\n<p style=\"text-align: center;\">Pause d\u00e9jeuner<\/p>\n<p style=\"text-align: left;\">\n<p style=\"text-align: left;\">\n<p style=\"text-align: center;\"><img loading=\"lazy\" decoding=\"async\" class=\"size-full wp-image-212    aligncenter\" title=\"9\" src=\"http:\/\/prenezracines.tb6380.com\/wp-content\/uploads\/2011\/03\/9.jpg\" alt=\"\" width=\"377\" height=\"253\" srcset=\"http:\/\/prenezracines.tb6380.com\/wp-content\/uploads\/2011\/03\/9.jpg 629w, http:\/\/prenezracines.tb6380.com\/wp-content\/uploads\/2011\/03\/9-300x200.jpg 300w\" sizes=\"auto, (max-width: 377px) 100vw, 377px\" \/>La baignoire-sabot accueille les framboisiers des habitants<\/p>\n<p style=\"text-align: left;\">\n<p style=\"text-align: left;\">\n<p style=\"text-align: center;\"><a href=\"http:\/\/prenezracines.tb6380.com\/wp-content\/uploads\/2011\/03\/10.jpg\"><img loading=\"lazy\" decoding=\"async\" class=\"size-full wp-image-213   aligncenter\" title=\"10\" src=\"http:\/\/prenezracines.tb6380.com\/wp-content\/uploads\/2011\/03\/10.jpg\" alt=\"\" width=\"377\" height=\"253\" srcset=\"http:\/\/prenezracines.tb6380.com\/wp-content\/uploads\/2011\/03\/10.jpg 629w, http:\/\/prenezracines.tb6380.com\/wp-content\/uploads\/2011\/03\/10-300x201.jpg 300w\" sizes=\"auto, (max-width: 377px) 100vw, 377px\" \/><\/a><\/p>\n<p style=\"text-align: center;\">Encore des semis<\/p>\n<p style=\"text-align: left;\">\n<p style=\"text-align: left;\">\n<p style=\"text-align: center;\"><a href=\"http:\/\/prenezracines.tb6380.com\/wp-content\/uploads\/2011\/03\/13.jpg\"><img loading=\"lazy\" decoding=\"async\" class=\"size-full wp-image-214    aligncenter\" title=\"13\" src=\"http:\/\/prenezracines.tb6380.com\/wp-content\/uploads\/2011\/03\/13.jpg\" alt=\"\" width=\"377\" height=\"253\" srcset=\"http:\/\/prenezracines.tb6380.com\/wp-content\/uploads\/2011\/03\/13.jpg 629w, http:\/\/prenezracines.tb6380.com\/wp-content\/uploads\/2011\/03\/13-300x200.jpg 300w\" sizes=\"auto, (max-width: 377px) 100vw, 377px\" \/><\/a><\/p>\n<p style=\"text-align: center;\">La soudure pour le composteur. Attention les yeux !<\/p>\n<p style=\"text-align: left;\">\n<p style=\"text-align: left;\">\n<p style=\"text-align: center;\"><img loading=\"lazy\" decoding=\"async\" class=\"size-full wp-image-215   aligncenter\" title=\"11\" src=\"http:\/\/prenezracines.tb6380.com\/wp-content\/uploads\/2011\/03\/11.jpg\" alt=\"\" width=\"377\" height=\"253\" srcset=\"http:\/\/prenezracines.tb6380.com\/wp-content\/uploads\/2011\/03\/11.jpg 629w, http:\/\/prenezracines.tb6380.com\/wp-content\/uploads\/2011\/03\/11-300x200.jpg 300w\" sizes=\"auto, (max-width: 377px) 100vw, 377px\" \/>Apr\u00e8s une grosse journ\u00e9e de travail, un composteur pour Mermoz !<\/p>\n<p style=\"text-align: left;\">\n<p style=\"text-align: left;\">\n<p style=\"text-align: center;\"><img loading=\"lazy\" decoding=\"async\" class=\"size-full wp-image-216    aligncenter\" title=\"12\" src=\"http:\/\/prenezracines.tb6380.com\/wp-content\/uploads\/2011\/03\/12.jpg\" alt=\"\" width=\"384\" height=\"257\" srcset=\"http:\/\/prenezracines.tb6380.com\/wp-content\/uploads\/2011\/03\/12.jpg 640w, http:\/\/prenezracines.tb6380.com\/wp-content\/uploads\/2011\/03\/12-300x201.jpg 300w\" sizes=\"auto, (max-width: 384px) 100vw, 384px\" \/>Et voil\u00e0 les premiers d\u00e9chets : \u00e9pluchures, marcs de caf\u00e9, sachet de th\u00e9 et coquille d&rsquo;oeuf uniquement !<\/p>\n<p style=\"text-align: left;\">Nous remercions<\/p>\n<p><a href=\"http:\/\/www.lescompostiers.org\/\" target=\"_blank\"><img loading=\"lazy\" decoding=\"async\" class=\"alignleft size-full wp-image-228\" title=\"compostiers\" src=\"http:\/\/prenezracines.tb6380.com\/wp-content\/uploads\/2011\/03\/compostiers1.jpeg\" alt=\"\" width=\"295\" height=\"98\" \/><\/a><\/p>\n<p style=\"text-align: left;\">\n<p style=\"text-align: left;\">\n<p style=\"text-align: left;\">\n<p><a href=\"http:\/\/www.naturama.fr\/\" target=\"_blank\"><img loading=\"lazy\" decoding=\"async\" class=\"alignleft size-full wp-image-229\" title=\"logo-1115\" src=\"http:\/\/prenezracines.tb6380.com\/wp-content\/uploads\/2011\/03\/logo-11151.jpg\" alt=\"\" width=\"174\" height=\"65\" \/><\/a><\/p>\n<p style=\"text-align: left;\">\n<p style=\"text-align: left;\">\n<p style=\"text-align: left;\">\n<p style=\"text-align: left;\">\n<p style=\"text-align: left;\">\n<p style=\"text-align: left;\">\n","protected":false},"excerpt":{"rendered":"<p>C&rsquo;\u00e9tait le samedi 26 mars. Parrains, marraines et les habitants du quartier se sont retrouv\u00e9s sur la parcelle de la P\u00e9pini\u00e8re urbaine pour inaugurer le composteur collectif. Sous le soleil, premier repas convivial et premi\u00e8res semis sur la p\u00e9pini\u00e8re en &hellip; <a href=\"http:\/\/prenezracines.tb6380.com\/?page_id=201\">Continuer la lecture <span class=\"meta-nav\">&rarr;<\/span><\/a><\/p>\n","protected":false},"author":1,"featured_media":0,"parent":0,"menu_order":0,"comment_status":"open","ping_status":"open","template":"","meta":{"footnotes":""},"class_list":["post-201","page","type-page","status-publish","hentry"],"_links":{"self":[{"href":"http:\/\/prenezracines.tb6380.com\/index.php?rest_route=\/wp\/v2\/pages\/201","targetHints":{"allow":["GET"]}}],"collection":[{"href":"http:\/\/prenezracines.tb6380.com\/index.php?rest_route=\/wp\/v2\/pages"}],"about":[{"href":"http:\/\/prenezracines.tb6380.com\/index.php?rest_route=\/wp\/v2\/types\/page"}],"author":[{"embeddable":true,"href":"http:\/\/prenezracines.tb6380.com\/index.php?rest_route=\/wp\/v2\/users\/1"}],"replies":[{"embeddable":true,"href":"http:\/\/prenezracines.tb6380.com\/index.php?rest_route=%2Fwp%2Fv2%2Fcomments&post=201"}],"version-history":[{"count":16,"href":"http:\/\/prenezracines.tb6380.com\/index.php?rest_route=\/wp\/v2\/pages\/201\/revisions"}],"predecessor-version":[{"id":235,"href":"http:\/\/prenezracines.tb6380.com\/index.php?rest_route=\/wp\/v2\/pages\/201\/revisions\/235"}],"wp:attachment":[{"href":"http:\/\/prenezracines.tb6380.com\/index.php?rest_route=%2Fwp%2Fv2%2Fmedia&parent=201"}],"curies":[{"name":"wp","href":"https:\/\/api.w.org\/{rel}","templated":true}]}}

Fête des Terreaux à Mermoz !

<p style="text-align: justify;">C&rsquo;était le samedi 26 mars. Parrains, marraines et les habitants du quartier se sont retrouvés sur la parcelle de la Pépinière urbaine pour inaugurer le composteur collectif.<br />
Sous le soleil, premier repas convivial et premières semis sur la pépinière en attendant les arbres. Les framboisiers sont plantés dans la première baignoire sabot. En attendant les autres, voilà quelques photos&#8230;</p>
<p style="text-align: left;">
<p style="text-align: center;"><a href="http://prenezracines.tb6380.com/wp-content/uploads/2011/03/2.jpg"><img loading="lazy" decoding="async" class="size-full wp-image-203   aligncenter" title="2" src="http://prenezracines.tb6380.com/wp-content/uploads/2011/03/2.jpg" alt="L'arrivée des dames" width="377" height="253" srcset="http://prenezracines.tb6380.com/wp-content/uploads/2011/03/2.jpg 629w, http://prenezracines.tb6380.com/wp-content/uploads/2011/03/2-300x200.jpg 300w" sizes="auto, (max-width: 377px) 100vw, 377px" /></a>L&rsquo;arrivée des dames</p>
<p style="text-align: left;">
<p style="text-align: left;">
<p style="text-align: center;"><a href="http://prenezracines.tb6380.com/wp-content/uploads/2011/03/1.jpg"><img loading="lazy" decoding="async" class="size-full wp-image-202   aligncenter" title="1" src="http://prenezracines.tb6380.com/wp-content/uploads/2011/03/1.jpg" alt="" width="384" height="257" srcset="http://prenezracines.tb6380.com/wp-content/uploads/2011/03/1.jpg 640w, http://prenezracines.tb6380.com/wp-content/uploads/2011/03/1-300x201.jpg 300w" sizes="auto, (max-width: 384px) 100vw, 384px" /></a>Les planches du composteur</p>
<p style="text-align: center;"><a href="http://prenezracines.tb6380.com/wp-content/uploads/2011/03/3.jpg"><img loading="lazy" decoding="async" class="size-full wp-image-204  aligncenter" title="3" src="http://prenezracines.tb6380.com/wp-content/uploads/2011/03/3.jpg" alt="Et ça papote !" width="377" height="253" srcset="http://prenezracines.tb6380.com/wp-content/uploads/2011/03/3.jpg 629w, http://prenezracines.tb6380.com/wp-content/uploads/2011/03/3-300x200.jpg 300w" sizes="auto, (max-width: 377px) 100vw, 377px" /></a></p>
<p style="text-align: center;">Et ça papote !</p>
<p style="text-align: center;"><a href="http://prenezracines.tb6380.com/wp-content/uploads/2011/03/4.jpg"><img loading="lazy" decoding="async" class="size-full wp-image-207   aligncenter" title="4" src="http://prenezracines.tb6380.com/wp-content/uploads/2011/03/4.jpg" alt="" width="377" height="253" srcset="http://prenezracines.tb6380.com/wp-content/uploads/2011/03/4.jpg 629w, http://prenezracines.tb6380.com/wp-content/uploads/2011/03/4-300x200.jpg 300w" sizes="auto, (max-width: 377px) 100vw, 377px" /></a></p>
<p style="text-align: center;">Les semis</p>
<p style="text-align: left;">
<p style="text-align: left;">
<p style="text-align: center;"><a href="http://prenezracines.tb6380.com/wp-content/uploads/2011/03/5.jpg"><img loading="lazy" decoding="async" class="size-full wp-image-208   aligncenter" title="5" src="http://prenezracines.tb6380.com/wp-content/uploads/2011/03/5.jpg" alt="" width="293" height="253" srcset="http://prenezracines.tb6380.com/wp-content/uploads/2011/03/5.jpg 489w, http://prenezracines.tb6380.com/wp-content/uploads/2011/03/5-300x258.jpg 300w" sizes="auto, (max-width: 293px) 100vw, 293px" /></a></p>
<p style="text-align: center;">Des parrains marraines intergénérationnels</p>
<p style="text-align: left;">
<p style="text-align: center;"><a href="http://prenezracines.tb6380.com/wp-content/uploads/2011/03/6.jpg"><img loading="lazy" decoding="async" class="size-full wp-image-209   aligncenter" title="6" src="http://prenezracines.tb6380.com/wp-content/uploads/2011/03/6.jpg" alt="" width="220" height="329" srcset="http://prenezracines.tb6380.com/wp-content/uploads/2011/03/6.jpg 282w, http://prenezracines.tb6380.com/wp-content/uploads/2011/03/6-200x300.jpg 200w" sizes="auto, (max-width: 220px) 100vw, 220px" /></a>Scions le bois pour le composteur</p>
<p style="text-align: left;">
<p style="text-align: left;">
<p style="text-align: center;"><a href="http://prenezracines.tb6380.com/wp-content/uploads/2011/03/7.jpg"><img loading="lazy" decoding="async" class="size-full wp-image-210    aligncenter" title="7" src="http://prenezracines.tb6380.com/wp-content/uploads/2011/03/7.jpg" alt="" width="377" height="253" srcset="http://prenezracines.tb6380.com/wp-content/uploads/2011/03/7.jpg 629w, http://prenezracines.tb6380.com/wp-content/uploads/2011/03/7-300x200.jpg 300w" sizes="auto, (max-width: 377px) 100vw, 377px" /></a>Le repas approche&#8230;</p>
<p style="text-align: left;">
<p style="text-align: left;">
<p style="text-align: center;"><a href="http://prenezracines.tb6380.com/wp-content/uploads/2011/03/8.jpg"><img loading="lazy" decoding="async" class="size-full wp-image-211   aligncenter" title="8" src="http://prenezracines.tb6380.com/wp-content/uploads/2011/03/8.jpg" alt="" width="377" height="253" srcset="http://prenezracines.tb6380.com/wp-content/uploads/2011/03/8.jpg 629w, http://prenezracines.tb6380.com/wp-content/uploads/2011/03/8-300x200.jpg 300w" sizes="auto, (max-width: 377px) 100vw, 377px" /></a></p>
<p style="text-align: center;">Pause déjeuner</p>
<p style="text-align: left;">
<p style="text-align: left;">
<p style="text-align: center;"><img loading="lazy" decoding="async" class="size-full wp-image-212    aligncenter" title="9" src="http://prenezracines.tb6380.com/wp-content/uploads/2011/03/9.jpg" alt="" width="377" height="253" srcset="http://prenezracines.tb6380.com/wp-content/uploads/2011/03/9.jpg 629w, http://prenezracines.tb6380.com/wp-content/uploads/2011/03/9-300x200.jpg 300w" sizes="auto, (max-width: 377px) 100vw, 377px" />La baignoire-sabot accueille les framboisiers des habitants</p>
<p style="text-align: left;">
<p style="text-align: left;">
<p style="text-align: center;"><a href="http://prenezracines.tb6380.com/wp-content/uploads/2011/03/10.jpg"><img loading="lazy" decoding="async" class="size-full wp-image-213   aligncenter" title="10" src="http://prenezracines.tb6380.com/wp-content/uploads/2011/03/10.jpg" alt="" width="377" height="253" srcset="http://prenezracines.tb6380.com/wp-content/uploads/2011/03/10.jpg 629w, http://prenezracines.tb6380.com/wp-content/uploads/2011/03/10-300x201.jpg 300w" sizes="auto, (max-width: 377px) 100vw, 377px" /></a></p>
<p style="text-align: center;">Encore des semis</p>
<p style="text-align: left;">
<p style="text-align: left;">
<p style="text-align: center;"><a href="http://prenezracines.tb6380.com/wp-content/uploads/2011/03/13.jpg"><img loading="lazy" decoding="async" class="size-full wp-image-214    aligncenter" title="13" src="http://prenezracines.tb6380.com/wp-content/uploads/2011/03/13.jpg" alt="" width="377" height="253" srcset="http://prenezracines.tb6380.com/wp-content/uploads/2011/03/13.jpg 629w, http://prenezracines.tb6380.com/wp-content/uploads/2011/03/13-300x200.jpg 300w" sizes="auto, (max-width: 377px) 100vw, 377px" /></a></p>
<p style="text-align: center;">La soudure pour le composteur. Attention les yeux !</p>
<p style="text-align: left;">
<p style="text-align: left;">
<p style="text-align: center;"><img loading="lazy" decoding="async" class="size-full wp-image-215   aligncenter" title="11" src="http://prenezracines.tb6380.com/wp-content/uploads/2011/03/11.jpg" alt="" width="377" height="253" srcset="http://prenezracines.tb6380.com/wp-content/uploads/2011/03/11.jpg 629w, http://prenezracines.tb6380.com/wp-content/uploads/2011/03/11-300x200.jpg 300w" sizes="auto, (max-width: 377px) 100vw, 377px" />Après une grosse journée de travail, un composteur pour Mermoz !</p>
<p style="text-align: left;">
<p style="text-align: left;">
<p style="text-align: center;"><img loading="lazy" decoding="async" class="size-full wp-image-216    aligncenter" title="12" src="http://prenezracines.tb6380.com/wp-content/uploads/2011/03/12.jpg" alt="" width="384" height="257" srcset="http://prenezracines.tb6380.com/wp-content/uploads/2011/03/12.jpg 640w, http://prenezracines.tb6380.com/wp-content/uploads/2011/03/12-300x201.jpg 300w" sizes="auto, (max-width: 384px) 100vw, 384px" />Et voilà les premiers déchets : épluchures, marcs de café, sachet de thé et coquille d&rsquo;oeuf uniquement !</p>
<p style="text-align: left;">Nous remercions</p>
<p><a href="http://www.lescompostiers.org/" target="_blank"><img loading="lazy" decoding="async" class="alignleft size-full wp-image-228" title="compostiers" src="http://prenezracines.tb6380.com/wp-content/uploads/2011/03/compostiers1.jpeg" alt="" width="295" height="98" /></a></p>
<p style="text-align: left;">
<p style="text-align: left;">
<p style="text-align: left;">
<p><a href="http://www.naturama.fr/" target="_blank"><img loading="lazy" decoding="async" class="alignleft size-full wp-image-229" title="logo-1115" src="http://prenezracines.tb6380.com/wp-content/uploads/2011/03/logo-11151.jpg" alt="" width="174" height="65" /></a></p>
<p style="text-align: left;">
<p style="text-align: left;">
<p style="text-align: left;">
<p style="text-align: left;">
<p style="text-align: left;">
<p style="text-align: left;">

<p>C&rsquo;était le samedi 26 mars. Parrains, marraines et les habitants du quartier se sont retrouvés sur la parcelle de la Pépinière urbaine pour inaugurer le composteur collectif. Sous le soleil, premier repas convivial et premières semis sur la pépinière en &hellip; <a href="http://prenezracines.tb6380.com/?page_id=201">Continuer la lecture <span class="meta-nav">&rarr;</span></a></p>
