{"id":321,"date":"2011-05-09T16:20:39","date_gmt":"2011-05-09T16:20:39","guid":{"rendered":"http:\/\/prenezracines.tb6380.com\/?page_id=321"},"modified":"2011-05-09T16:21:52","modified_gmt":"2011-05-09T16:21:52","slug":"du-2-au-6-mai","status":"publish","type":"page","link":"http:\/\/prenezracines.tb6380.com\/?page_id=321","title":{"rendered":"Du 2 au 6 mai 2011"},"content":{"rendered":"<p>Second chantier pour la p\u00e9pini\u00e8re ! L&rsquo;enjeu ? Raboter le pourtour de la terre avec des t\u00f4les, nettoyer tout le site, mise en place d&rsquo;escaliers,&#8230;<br \/>\nUne semaine qu&rsquo;ils n&rsquo;oublieront pas de sit\u00f4t !<\/p>\n<div id=\"attachment_324\" style=\"width: 490px\" class=\"wp-caption alignleft\"><a href=\"http:\/\/prenezracines.tb6380.com\/wp-content\/uploads\/2011\/05\/DSC0017.jpg\"><img loading=\"lazy\" decoding=\"async\" aria-describedby=\"caption-attachment-324\" class=\"size-full wp-image-324\" title=\"_DSC0017\" src=\"http:\/\/prenezracines.tb6380.com\/wp-content\/uploads\/2011\/05\/DSC0017.jpg\" alt=\"Plus\" width=\"480\" height=\"322\" srcset=\"http:\/\/prenezracines.tb6380.com\/wp-content\/uploads\/2011\/05\/DSC0017.jpg 800w, http:\/\/prenezracines.tb6380.com\/wp-content\/uploads\/2011\/05\/DSC0017-300x201.jpg 300w\" sizes=\"auto, (max-width: 480px) 100vw, 480px\" \/><\/a><p id=\"caption-attachment-324\" class=\"wp-caption-text\">Plus de place pour les Framboisiers<\/p><\/div>\n<p style=\"text-align: center;\"><a href=\"http:\/\/prenezracines.tb6380.com\/wp-content\/uploads\/2011\/05\/DSC0007.jpg\"><img loading=\"lazy\" decoding=\"async\" class=\"aligncenter size-full wp-image-322\" title=\"_DSC0007\" src=\"http:\/\/prenezracines.tb6380.com\/wp-content\/uploads\/2011\/05\/DSC0007.jpg\" alt=\"\" width=\"480\" height=\"322\" srcset=\"http:\/\/prenezracines.tb6380.com\/wp-content\/uploads\/2011\/05\/DSC0007.jpg 800w, http:\/\/prenezracines.tb6380.com\/wp-content\/uploads\/2011\/05\/DSC0007-300x201.jpg 300w\" sizes=\"auto, (max-width: 480px) 100vw, 480px\" \/><\/a><a href=\"http:\/\/prenezracines.tb6380.com\/wp-content\/uploads\/2011\/05\/DSC0012.jpg\"><img loading=\"lazy\" decoding=\"async\" class=\"aligncenter size-full wp-image-323\" title=\"_DSC0012\" src=\"http:\/\/prenezracines.tb6380.com\/wp-content\/uploads\/2011\/05\/DSC0012.jpg\" alt=\"\" width=\"480\" height=\"322\" srcset=\"http:\/\/prenezracines.tb6380.com\/wp-content\/uploads\/2011\/05\/DSC0012.jpg 800w, http:\/\/prenezracines.tb6380.com\/wp-content\/uploads\/2011\/05\/DSC0012-300x201.jpg 300w\" sizes=\"auto, (max-width: 480px) 100vw, 480px\" \/><\/a><\/p>\n","protected":false},"excerpt":{"rendered":"<p>Second chantier pour la p\u00e9pini\u00e8re ! L&rsquo;enjeu ? Raboter le pourtour de la terre avec des t\u00f4les, nettoyer tout le site, mise en place d&rsquo;escaliers,&#8230; Une semaine qu&rsquo;ils n&rsquo;oublieront pas de sit\u00f4t !<\/p>\n","protected":false},"author":2,"featured_media":0,"parent":0,"menu_order":0,"comment_status":"open","ping_status":"open","template":"","meta":{"footnotes":""},"class_list":["post-321","page","type-page","status-publish","hentry"],"_links":{"self":[{"href":"http:\/\/prenezracines.tb6380.com\/index.php?rest_route=\/wp\/v2\/pages\/321","targetHints":{"allow":["GET"]}}],"collection":[{"href":"http:\/\/prenezracines.tb6380.com\/index.php?rest_route=\/wp\/v2\/pages"}],"about":[{"href":"http:\/\/prenezracines.tb6380.com\/index.php?rest_route=\/wp\/v2\/types\/page"}],"author":[{"embeddable":true,"href":"http:\/\/prenezracines.tb6380.com\/index.php?rest_route=\/wp\/v2\/users\/2"}],"replies":[{"embeddable":true,"href":"http:\/\/prenezracines.tb6380.com\/index.php?rest_route=%2Fwp%2Fv2%2Fcomments&post=321"}],"version-history":[{"count":4,"href":"http:\/\/prenezracines.tb6380.com\/index.php?rest_route=\/wp\/v2\/pages\/321\/revisions"}],"predecessor-version":[{"id":329,"href":"http:\/\/prenezracines.tb6380.com\/index.php?rest_route=\/wp\/v2\/pages\/321\/revisions\/329"}],"wp:attachment":[{"href":"http:\/\/prenezracines.tb6380.com\/index.php?rest_route=%2Fwp%2Fv2%2Fmedia&parent=321"}],"curies":[{"name":"wp","href":"https:\/\/api.w.org\/{rel}","templated":true}]}}