{"id":54,"date":"2011-01-18T15:13:50","date_gmt":"2011-01-18T15:13:50","guid":{"rendered":"http:\/\/prenezracines.tb6380.com\/?page_id=54"},"modified":"2011-10-31T12:13:19","modified_gmt":"2011-10-31T12:13:19","slug":"presse","status":"publish","type":"page","link":"http:\/\/prenezracines.tb6380.com\/?page_id=54","title":{"rendered":"Presse"},"content":{"rendered":"<p>Lyon citoyen :<\/p>\n<p><a href=\"http:\/\/prenezracines.tb6380.com\/wp-content\/uploads\/2011\/01\/hommes_arbres_web.jpg\"><img loading=\"lazy\" decoding=\"async\" class=\"alignnone size-medium wp-image-525\" title=\"hommes_arbres_web\" src=\"http:\/\/prenezracines.tb6380.com\/wp-content\/uploads\/2011\/01\/hommes_arbres_web-300x265.jpg\" alt=\"\" width=\"300\" height=\"265\" srcset=\"http:\/\/prenezracines.tb6380.com\/wp-content\/uploads\/2011\/01\/hommes_arbres_web-300x265.jpg 300w, http:\/\/prenezracines.tb6380.com\/wp-content\/uploads\/2011\/01\/hommes_arbres_web.jpg 800w\" sizes=\"auto, (max-width: 300px) 100vw, 300px\" \/><\/a><\/p>\n<p>Article sur l&rsquo;inauguration du composteur collectif du Samedi 26 mars paru dans Le Progr\u00e8s du 02 avril 2011 :<\/p>\n<p><a href=\"http:\/\/prenezracines.tb6380.com\/wp-content\/uploads\/2011\/01\/samedi-26-mars-PR-02-04-11.jpg\"><img loading=\"lazy\" decoding=\"async\" class=\"alignleft size-full wp-image-256\" title=\"samedi 26 mars PR - 02-04-11\" src=\"http:\/\/prenezracines.tb6380.com\/wp-content\/uploads\/2011\/01\/samedi-26-mars-PR-02-04-11.jpg\" alt=\"\" width=\"624\" height=\"586\" srcset=\"http:\/\/prenezracines.tb6380.com\/wp-content\/uploads\/2011\/01\/samedi-26-mars-PR-02-04-11.jpg 1040w, http:\/\/prenezracines.tb6380.com\/wp-content\/uploads\/2011\/01\/samedi-26-mars-PR-02-04-11-300x281.jpg 300w, http:\/\/prenezracines.tb6380.com\/wp-content\/uploads\/2011\/01\/samedi-26-mars-PR-02-04-11-1024x960.jpg 1024w\" sizes=\"auto, (max-width: 624px) 100vw, 624px\" \/><\/a><\/p>\n<p>Article sur le chantier jeune le 10 mars 2011 dans Le Progr\u00e8s :<\/p>\n<p><a href=\"http:\/\/prenezracines.tb6380.com\/wp-content\/uploads\/2011\/01\/Chantier-jeune-10-03-11.jpg\"><img loading=\"lazy\" decoding=\"async\" class=\"aligncenter size-full wp-image-192\" title=\"Chantier jeune 10-03-11\" src=\"http:\/\/prenezracines.tb6380.com\/wp-content\/uploads\/2011\/01\/Chantier-jeune-10-03-11.jpg\" alt=\"\" width=\"1360\" height=\"816\" srcset=\"http:\/\/prenezracines.tb6380.com\/wp-content\/uploads\/2011\/01\/Chantier-jeune-10-03-11.jpg 1360w, http:\/\/prenezracines.tb6380.com\/wp-content\/uploads\/2011\/01\/Chantier-jeune-10-03-11-300x180.jpg 300w, http:\/\/prenezracines.tb6380.com\/wp-content\/uploads\/2011\/01\/Chantier-jeune-10-03-11-1024x614.jpg 1024w\" sizes=\"auto, (max-width: 1360px) 100vw, 1360px\" \/><\/a><\/p>\n<p>Sur la r\u00e9union avec Les Compostiers.org le 7 mars 2011 dans Le Progr\u00e8s :<\/p>\n<p><a href=\"http:\/\/prenezracines.tb6380.com\/wp-content\/uploads\/2011\/01\/R\u00e9union-compostier-7-3-11.jpg\"><img loading=\"lazy\" decoding=\"async\" class=\"aligncenter size-full wp-image-188\" title=\"R\u00e9union compostier 7-3-11\" src=\"http:\/\/prenezracines.tb6380.com\/wp-content\/uploads\/2011\/01\/R\u00e9union-compostier-7-3-11.jpg\" alt=\"\" width=\"1268\" height=\"944\" srcset=\"http:\/\/prenezracines.tb6380.com\/wp-content\/uploads\/2011\/01\/R\u00e9union-compostier-7-3-11.jpg 1268w, http:\/\/prenezracines.tb6380.com\/wp-content\/uploads\/2011\/01\/R\u00e9union-compostier-7-3-11-300x223.jpg 300w, http:\/\/prenezracines.tb6380.com\/wp-content\/uploads\/2011\/01\/R\u00e9union-compostier-7-3-11-1024x762.jpg 1024w\" sizes=\"auto, (max-width: 1268px) 100vw, 1268px\" \/><\/a><\/p>\n<p>\u00c0 propos de la \u00ab\u00a0Tree Party\u00a0\u00bb du 27 Novembre 2010 :<\/p>\n<p><a href=\"http:\/\/prenezracines.tb6380.com\/wp-content\/uploads\/2011\/01\/revue-de-presse-A.G-4.jpg\"><img loading=\"lazy\" decoding=\"async\" class=\"alignnone size-medium wp-image-55\" title=\"revue-de-presse-A.G-4\" src=\"http:\/\/prenezracines.tb6380.com\/wp-content\/uploads\/2011\/01\/revue-de-presse-A.G-4-300x231.jpg\" alt=\"\" width=\"300\" height=\"231\" srcset=\"http:\/\/prenezracines.tb6380.com\/wp-content\/uploads\/2011\/01\/revue-de-presse-A.G-4-300x231.jpg 300w, http:\/\/prenezracines.tb6380.com\/wp-content\/uploads\/2011\/01\/revue-de-presse-A.G-4.jpg 800w\" sizes=\"auto, (max-width: 300px) 100vw, 300px\" \/><\/a><a href=\"http:\/\/prenezracines.tb6380.com\/wp-content\/uploads\/2011\/01\/revue-de-presse-A.G-5.jpg\"><img loading=\"lazy\" decoding=\"async\" class=\"alignnone size-medium wp-image-56\" title=\"revue-de-presse-A.G-5\" src=\"http:\/\/prenezracines.tb6380.com\/wp-content\/uploads\/2011\/01\/revue-de-presse-A.G-5-264x300.jpg\" alt=\"\" width=\"264\" height=\"300\" srcset=\"http:\/\/prenezracines.tb6380.com\/wp-content\/uploads\/2011\/01\/revue-de-presse-A.G-5-264x300.jpg 264w, http:\/\/prenezracines.tb6380.com\/wp-content\/uploads\/2011\/01\/revue-de-presse-A.G-5.jpg 794w\" sizes=\"auto, (max-width: 264px) 100vw, 264px\" \/><\/a><\/p>\n<p>Vous trouverez <a title=\"presse coal\" href=\"http:\/\/www.mehrlicht.fr\/download\/presse\/presses_coal_2.doc\" target=\"_blank\">ici<\/a> des articles de presse \u00e0 propos \u00ab\u00a0d&rsquo;assolement pour Mermoz\u00a0\u00bb et du <strong>prix coal. <\/strong><\/p>\n<p>Veuillez trouvez gr\u00e2ce \u00e0 ce lien, les lettres d&rsquo;informations \u00e0 propos du 8\u00e8me arrondissement de la ville de Lyon :<\/p>\n<p><strong><strong><span style=\"font-family: Arial; font-size: x-small;\"><a title=\"Lettres d'informations\" href=\"http:\/\/fr.calameo.com\/read\/000140662e4d3a4690f1c\" target=\"_blank\">Pour visionner \/ t\u00e9l\u00e9charger la lettre.<\/a><\/span><\/strong><\/strong><\/p>\n","protected":false},"excerpt":{"rendered":"<p>Lyon citoyen : Article sur l&rsquo;inauguration du composteur collectif du Samedi 26 mars paru dans Le Progr\u00e8s du 02 avril 2011 : Article sur le chantier jeune le 10 mars 2011 dans Le Progr\u00e8s : Sur la r\u00e9union avec Les &hellip; <a href=\"http:\/\/prenezracines.tb6380.com\/?page_id=54\">Continuer la lecture <span class=\"meta-nav\">&rarr;<\/span><\/a><\/p>\n","protected":false},"author":1,"featured_media":0,"parent":0,"menu_order":8,"comment_status":"open","ping_status":"open","template":"","meta":{"footnotes":""},"class_list":["post-54","page","type-page","status-publish","hentry"],"_links":{"self":[{"href":"http:\/\/prenezracines.tb6380.com\/index.php?rest_route=\/wp\/v2\/pages\/54","targetHints":{"allow":["GET"]}}],"collection":[{"href":"http:\/\/prenezracines.tb6380.com\/index.php?rest_route=\/wp\/v2\/pages"}],"about":[{"href":"http:\/\/prenezracines.tb6380.com\/index.php?rest_route=\/wp\/v2\/types\/page"}],"author":[{"embeddable":true,"href":"http:\/\/prenezracines.tb6380.com\/index.php?rest_route=\/wp\/v2\/users\/1"}],"replies":[{"embeddable":true,"href":"http:\/\/prenezracines.tb6380.com\/index.php?rest_route=%2Fwp%2Fv2%2Fcomments&post=54"}],"version-history":[{"count":8,"href":"http:\/\/prenezracines.tb6380.com\/index.php?rest_route=\/wp\/v2\/pages\/54\/revisions"}],"predecessor-version":[{"id":189,"href":"http:\/\/prenezracines.tb6380.com\/index.php?rest_route=\/wp\/v2\/pages\/54\/revisions\/189"}],"wp:attachment":[{"href":"http:\/\/prenezracines.tb6380.com\/index.php?rest_route=%2Fwp%2Fv2%2Fmedia&parent=54"}],"curies":[{"name":"wp","href":"https:\/\/api.w.org\/{rel}","templated":true}]}}

<p>Lyon citoyen :</p>
<p><a href="http://prenezracines.tb6380.com/wp-content/uploads/2011/01/hommes_arbres_web.jpg"><img loading="lazy" decoding="async" class="alignnone size-medium wp-image-525" title="hommes_arbres_web" src="http://prenezracines.tb6380.com/wp-content/uploads/2011/01/hommes_arbres_web-300x265.jpg" alt="" width="300" height="265" srcset="http://prenezracines.tb6380.com/wp-content/uploads/2011/01/hommes_arbres_web-300x265.jpg 300w, http://prenezracines.tb6380.com/wp-content/uploads/2011/01/hommes_arbres_web.jpg 800w" sizes="auto, (max-width: 300px) 100vw, 300px" /></a></p>
<p>Article sur l&rsquo;inauguration du composteur collectif du Samedi 26 mars paru dans Le Progrès du 02 avril 2011 :</p>
<p><a href="http://prenezracines.tb6380.com/wp-content/uploads/2011/01/samedi-26-mars-PR-02-04-11.jpg"><img loading="lazy" decoding="async" class="alignleft size-full wp-image-256" title="samedi 26 mars PR - 02-04-11" src="http://prenezracines.tb6380.com/wp-content/uploads/2011/01/samedi-26-mars-PR-02-04-11.jpg" alt="" width="624" height="586" srcset="http://prenezracines.tb6380.com/wp-content/uploads/2011/01/samedi-26-mars-PR-02-04-11.jpg 1040w, http://prenezracines.tb6380.com/wp-content/uploads/2011/01/samedi-26-mars-PR-02-04-11-300x281.jpg 300w, http://prenezracines.tb6380.com/wp-content/uploads/2011/01/samedi-26-mars-PR-02-04-11-1024x960.jpg 1024w" sizes="auto, (max-width: 624px) 100vw, 624px" /></a></p>
<p>Article sur le chantier jeune le 10 mars 2011 dans Le Progrès :</p>
<p><a href="http://prenezracines.tb6380.com/wp-content/uploads/2011/01/Chantier-jeune-10-03-11.jpg"><img loading="lazy" decoding="async" class="aligncenter size-full wp-image-192" title="Chantier jeune 10-03-11" src="http://prenezracines.tb6380.com/wp-content/uploads/2011/01/Chantier-jeune-10-03-11.jpg" alt="" width="1360" height="816" srcset="http://prenezracines.tb6380.com/wp-content/uploads/2011/01/Chantier-jeune-10-03-11.jpg 1360w, http://prenezracines.tb6380.com/wp-content/uploads/2011/01/Chantier-jeune-10-03-11-300x180.jpg 300w, http://prenezracines.tb6380.com/wp-content/uploads/2011/01/Chantier-jeune-10-03-11-1024x614.jpg 1024w" sizes="auto, (max-width: 1360px) 100vw, 1360px" /></a></p>
<p>Sur la réunion avec Les Compostiers.org le 7 mars 2011 dans Le Progrès :</p>
<p><a href="http://prenezracines.tb6380.com/wp-content/uploads/2011/01/Réunion-compostier-7-3-11.jpg"><img loading="lazy" decoding="async" class="aligncenter size-full wp-image-188" title="Réunion compostier 7-3-11" src="http://prenezracines.tb6380.com/wp-content/uploads/2011/01/Réunion-compostier-7-3-11.jpg" alt="" width="1268" height="944" srcset="http://prenezracines.tb6380.com/wp-content/uploads/2011/01/Réunion-compostier-7-3-11.jpg 1268w, http://prenezracines.tb6380.com/wp-content/uploads/2011/01/Réunion-compostier-7-3-11-300x223.jpg 300w, http://prenezracines.tb6380.com/wp-content/uploads/2011/01/Réunion-compostier-7-3-11-1024x762.jpg 1024w" sizes="auto, (max-width: 1268px) 100vw, 1268px" /></a></p>
<p>À propos de la « Tree Party » du 27 Novembre 2010 :</p>
<p><a href="http://prenezracines.tb6380.com/wp-content/uploads/2011/01/revue-de-presse-A.G-4.jpg"><img loading="lazy" decoding="async" class="alignnone size-medium wp-image-55" title="revue-de-presse-A.G-4" src="http://prenezracines.tb6380.com/wp-content/uploads/2011/01/revue-de-presse-A.G-4-300x231.jpg" alt="" width="300" height="231" srcset="http://prenezracines.tb6380.com/wp-content/uploads/2011/01/revue-de-presse-A.G-4-300x231.jpg 300w, http://prenezracines.tb6380.com/wp-content/uploads/2011/01/revue-de-presse-A.G-4.jpg 800w" sizes="auto, (max-width: 300px) 100vw, 300px" /></a><a href="http://prenezracines.tb6380.com/wp-content/uploads/2011/01/revue-de-presse-A.G-5.jpg"><img loading="lazy" decoding="async" class="alignnone size-medium wp-image-56" title="revue-de-presse-A.G-5" src="http://prenezracines.tb6380.com/wp-content/uploads/2011/01/revue-de-presse-A.G-5-264x300.jpg" alt="" width="264" height="300" srcset="http://prenezracines.tb6380.com/wp-content/uploads/2011/01/revue-de-presse-A.G-5-264x300.jpg 264w, http://prenezracines.tb6380.com/wp-content/uploads/2011/01/revue-de-presse-A.G-5.jpg 794w" sizes="auto, (max-width: 264px) 100vw, 264px" /></a></p>
<p>Vous trouverez <a title="presse coal" href="http://www.mehrlicht.fr/download/presse/presses_coal_2.doc" target="_blank">ici</a> des articles de presse à propos « d&rsquo;assolement pour Mermoz » et du <strong>prix coal. </strong></p>
<p>Veuillez trouvez grâce à ce lien, les lettres d&rsquo;informations à propos du 8ème arrondissement de la ville de Lyon :</p>
<p><strong><strong><span style="font-family: Arial; font-size: x-small;"><a title="Lettres d'informations" href="http://fr.calameo.com/read/000140662e4d3a4690f1c" target="_blank">Pour visionner / télécharger la lettre.</a></span></strong></strong></p>

<p>Lyon citoyen : Article sur l&rsquo;inauguration du composteur collectif du Samedi 26 mars paru dans Le Progrès du 02 avril 2011 : Article sur le chantier jeune le 10 mars 2011 dans Le Progrès : Sur la réunion avec Les &hellip; <a href="http://prenezracines.tb6380.com/?page_id=54">Continuer la lecture <span class="meta-nav">&rarr;</span></a></p>
